
What is the greatest common divisor of 9 and 534915?
9
What is the highest common factor of 87 and 450283?
29
What is the greatest common factor of 82035 and 3?
3
What is the greatest common factor of 913 and 2844908?
913
Calculate the highest common factor of 59568 and 3536.
272
Calculate the highest common divisor of 5640 and 9635.
235
Calculate the greatest common divisor of 242707 and 163.
163
Calculate the highest common factor of 453113 and 109.
109
What is the greatest common factor of 28672 and 1120?
224
Calculate the highest common factor of 6 and 44680.
2
What is the highest common factor of 2979 and 279?
9
Calculate the greatest common divisor of 16435 and 165215.
865
What is the highest common divisor of 1273 and 1216?
19
What is the greatest common factor of 204 and 212424?
12
What is the greatest common divisor of 153 and 1731858?
51
Calculate the greatest common factor of 8725 and 225.
25
What is the greatest common divisor of 6375 and 306?
51
Calculate the highest common factor of 2625 and 8085.
105
Calculate the greatest common divisor of 32025 and 122.
61
Calculate the highest common factor of 28 and 70273.
7
What is the greatest common divisor of 2223 and 309681?
171
Calculate the greatest common factor of 326 and 310.
2
Calculate the greatest common factor of 874 and 178940.
46
Calculate the greatest common divisor of 124024 and 444.
148
Calculate the highest common factor of 122298 and 3366.
1122
Calculate the highest common divisor of 15840 and 4300.
20
Calculate the highest common divisor of 14 and 297178.
14
Calculate the highest common factor of 38221 and 74.
37
Calculate the highest common factor of 893 and 12901.
19
Calculate the greatest common factor of 153318 and 24240.
606
What is the highest common factor of 6 and 29751?
3
Calculate the greatest common factor of 7245 and 62055.
315
What is the greatest common divisor of 15618 and 3192?
114
What is the greatest common factor of 26 and 700193?
13
Calculate the greatest common factor of 420 and 173600.
140
What is the greatest common divisor of 3434 and 633674?
202
Calculate the greatest common divisor of 4056 and 18096.
312
Calculate the highest common factor of 3870164 and 2645.
529
What is the greatest common factor of 6 and 1596?
6
Calculate the highest common factor of 4263 and 23403.
87
Calculate the highest common factor of 15904 and 1008.
112
Calculate the highest common factor of 40 and 32920.
40
What is the greatest common factor of 3 and 5428?
1
What is the highest common divisor of 522 and 3364?
58
What is the highest common factor of 83 and 71878?
83
Calculate the highest common factor of 2100 and 84756.
84
Calculate the greatest common factor of 2303 and 30863.
7
What is the greatest common divisor of 109720 and 211?
211
Calculate the greatest common factor of 1014380 and 40.
20
Calculate the greatest common factor of 256 and 598944.
32
Calculate the greatest common divisor of 170 and 1055940.
10
What is the highest common divisor of 127674 and 164?
82
Calculate the greatest common divisor of 1166013 and 153.
153
What is the highest common factor of 4632 and 28371?
579
What is the highest common factor of 875 and 50855?
35
What is the highest common divisor of 39130 and 42?
14
What is the greatest common divisor of 7700 and 3575?
275
What is the highest common factor of 140 and 330092?
28
Calculate the greatest common divisor of 81926 and 130.
26
What is the highest common factor of 287896 and 1649?
97
What is the highest common divisor of 1188 and 267696?
396
Calculate the highest common divisor of 6768 and 132.
12
Calculate the highest common divisor of 40 and 1009180.
20
What is the greatest common factor of 3059 and 5957?
161
What is the highest common divisor of 56 and 599816?
56
What is the greatest common factor of 522 and 27086?
58
Calculate the highest common factor of 4186 and 35.
7
Calculate the greatest common divisor of 92 and 27684.
4
What is the highest common divisor of 238 and 9639?
119
Calculate the greatest common factor of 276 and 368268.
12
Calculate the greatest common divisor of 2592 and 27768.
24
Calculate the greatest common factor of 383544 and 6552.
504
What is the greatest common factor of 22923 and 1109643?
849
What is the greatest common factor of 459 and 837?
27
What is the greatest common divisor of 315652 and 2444?
188
What is the greatest common divisor of 930 and 163060?
310
What is the highest common divisor of 322 and 1004962?
322
What is the highest common divisor of 17 and 3633580?
17
What is the highest common divisor of 385484 and 176?
44
Calculate the greatest common factor of 407 and 16317.
37
What is the highest common factor of 1141049 and 91?
91
What is the greatest common factor of 72376 and 166?
166
What is the greatest common divisor of 17970 and 1290?
30
What is the greatest common divisor of 64 and 81620?
4
What is the greatest common factor of 184 and 785496?
184
What is the highest common divisor of 732 and 1647?
183
Calculate the greatest common factor of 2568544 and 176.
176
What is the highest common divisor of 312948 and 18?
18
What is the greatest common divisor of 24967855 and 55?
55
Calculate the greatest common divisor of 3285 and 5715.
45
Calculate the highest common divisor of 117 and 48888.
9
Calculate the greatest common factor of 4148 and 7808.
244
Calculate the greatest common factor of 34 and 177106.
34
Calculate the greatest common factor of 2501 and 96136.
61
What is the greatest common factor of 1496 and 176324?
68
Calculate the highest common divisor of 376041 and 978.
489
Calculate the greatest common factor of 1010114 and 3059.
161
Calculate the highest common factor of 368 and 1035.
23
What is the highest common divisor of 157 and 508?
1
What is the greatest common divisor of 4456 and 216?
8
Calculate the highest common divisor of 1106774 and 2524.
1262
Calculate the greatest common divisor of 58880 and 11200.
320
Calculate the greatest common factor of 10283 and 1456.
91
What is the highest common factor of 4088 and 65576?
56
What is the greatest common divisor of 51102 and 72216?
306
What is the highest common factor of 22 and 2686?
2
What is the greatest common divisor of 18095 and 4653?
517
Calculate the greatest common factor of 104833 and 79.
79
Calculate the greatest common divisor of 1900 and 25308.
76
What is the highest common factor of 2676 and 492?
12
Calculate the greatest common factor of 13250 and 237250.
250
Calculate the highest common factor of 11616 and 1049796.
1452
Calculate the highest common factor of 34664 and 84.
28
What is the greatest common divisor of 213936 and 156?
12
Calculate the greatest common factor of 27770 and 70.
10
Calculate the highest common divisor of 72200 and 3200.
200
Calculate the greatest common factor of 108252 and 120.
12
What is the greatest common divisor of 137111 and 26?
13
What is the greatest common divisor of 94 and 75811?
47
Calculate the greatest common divisor of 113888 and 40.
8
Calculate the highest common divisor of 182 and 34307.
91
What is the highest common factor of 832 and 78936?
104
What is the highest common divisor of 132062 and 14?
14
What is the highest common factor of 434 and 349538?
14
What is the highest common divisor of 23144 and 9994?
526
What is the highest common factor of 716 and 83414?
358
Calculate the greatest common divisor of 70 and 6130.
10
Calculate the greatest common divisor of 248 and 17328.
8
Calculate the highest common factor of 351043 and 3395.
679
Calculate the highest common factor of 18808 and 240.
8
Calculate the highest common factor of 242506 and 949.
73
What is the greatest common factor of 26 and 1365481?
13
What is the greatest common factor of 11 and 1513457?
11
What is the greatest common divisor of 390 and 6540?
30
Calculate the greatest common factor of 3304 and 5546.
118
Calculate the highest common factor of 16 and 16860.
4
Calculate the highest common divisor of 7488 and 299.
13
What is the greatest common factor of 3470 and 45?
5
Calculate the greatest common divisor of 270 and 230130.
90
What is the greatest common factor of 71135 and 694?
347
What is the highest common factor of 455702 and 104?
26
Calculate the highest common divisor of 8 and 11608.
8
What is